e 8
-125
What is 4 (base 5) in base 14?
4
Convert 20 (base 8) to base 3.
121
-1321 (base 5) to base 10
-211
Convert -4 (base 11) to base 12.
-4
0 (base 10) to base 6
0
What is 5 (base 14) in base 2?
101
Convert 3 (base 5) to base 4.
3
-11 (base 6) to base 16
-7
Convert c3 (base 13) to base 12.
113
Convert c3 (base 15) to base 7.
351
-111 (base 15) to base 13
-157
1 (base 15) to base 7
1
Convert 233 (base 5) to base 15.
48
2e (base 15) to base 14
32
41 (base 8) to base 5
113
What is 1 (base 13) in base 3?
1
-5 (base 7) to base 10
-5
-63 (base 12) to base 2
-1001011
Convert 11 (base 12) to base 16.
d
Convert -222 (base 3) to base 14.
-1c
What is -3 (base 4) in base 12?
-3
Convert -23 (base 13) to base 3.
-1002
What is 3 (base 5) in base 11?
3
Convert -1000 (base 3) to base 9.
-30
What is 8 (base 10) in base 5?
13
-82 (base 12) to base 7
-200
Convert 11 (base 7) to base 10.
8
Convert -14 (base 12) to base 16.
-10
What is -11 (base 2) in base 9?
-3
Convert 11 (base 7) to base 6.
12
25 (base 15) to base 14
27
What is -10 (base 15) in base 4?
-33
4b (base 13) to base 6
143
-4 (base 5) to base 7
-4
247 (base 8) to base 15
b2
Convert -2 (base 10) to base 8.
-2
Convert -4 (base 12) to base 2.
-100
-67 (base 15) to base 9
-117
Convert 4a (base 13) to base 15.
42
3 (base 12) to base 10
3
Convert 6 (base 11) to base 9.
6
What is 21 (base 6) in base 9?
14
Convert -16 (base 11) to base 10.
-17
11 (base 15) to base 9
17
Convert -5 (base 13) to base 10.
-5
Convert -9 (base 10) to base 8.
-11
What is -17 (base 11) in base 5?
-33
-10 (base 2) to base 12
-2
1 (base 14) to base 6
1
What is -20 (base 7) in base 8?
-16
Convert 1 (base 15) to base 8.
1
-12 (base 5) to base 8
-7
What is 41 (base 14) in base 11?
52
Convert 12200 (base 3) to base 4.
2121
-1313 (base 5) to base 10
-208
What is -35 (base 11) in base 7?
-53
331 (base 4) to base 11
56
Convert -6 (base 14) to base 3.
-20
Convert 164 (base 9) to base 16.
8b
1 (base 14) to base 13
1
2 (base 16) to base 9
2
Convert 6 (base 8) to base 9.
6
-ab (base 15) to base 16
-a1
205 (base 7) to base 3
10211
What is -52 (base 9) in base 15?
-32
-313 (base 11) to base 10
-377
12 (base 8) to base 16
a
Convert 74 (base 13) to base 6.
235
What is -15 (base 12) in base 9?
-18
Convert -40 (base 5) to base 7.
-26
What is -13 (base 12) in base 15?
-10
2 (base 13) to base 14
2
5 (base 10) to base 3
12
What is 14 (base 6) in base 16?
a
What is -17 (base 14) in base 16?
-15
What is -1413 (base 5) in base 12?
-175
Convert -9 (base 11) to base 5.
-14
12 (base 10) to base 6
20
15 (base 7) to base 16
c
-1 (base 15) to base 8
-1
What is -4 (base 15) in base 9?
-4
Convert -18 (base 10) to base 5.
-33
Convert -1011111 (base 2) to base 4.
-1133
Convert -8 (base 9) to base 11.
-8
Convert 14 (base 12) to base 4.
100
Convert 422 (base 6) to base 8.
236
What is -9a (base 16) in base 14?
-b0
What is 0 (base 3) in base 10?
0
-1 (base 16) to base 4
-1
Convert -2 (base 14) to base 11.
-2
What is 0 (base 7) in base 5?
0
What is -19 (base 10) in base 11?
-18
-71 (base 8) to base 15
-3c
What is 0 (base 16) in base 13?
0
Convert 1 (base 3) to base 6.
1
Convert -37 (base 10) to base 5.
-122
-30 (base 6) to base 10
-18
What is -11000 (base 2) in base 13?
-1b
What is 321 (base 4) in base 15?
3c
Convert 0 (base 15) to base 3.
0
Convert -a (base 13) to base 4.
-22
What is 1 (base 14) in base 6?
1
Convert -1 (base 10) to base 5.
-1
-147 (base 12) to base 5
-1244
What is -110 (base 4) in base 9?
-22
Convert 10 (base 4) to base 8.
4
What is 144 (base 6) in base 11?
59
Convert -2 (base 4) to base 16.
-2
-202 (base 4) to base 13
-28
0 (base 10) to base 3
0
What is 57 (base 14) in base 5?
302
-2 (base 14) to base 6
-2
What is -1101 (base 3) in base 7?
-52
Convert 0 (base 7) to base 5.
0
8 (base 13) to base 8
10
Convert 3 (base 9) to base 12.
3
5 (base 8) to base 10
5
Convert -61 (base 15) to base 16.
-5b
Convert -87 (base 11) to base 16.
-5f
What is b (base 12) in base 8?
13
10 (base 16) to base 4
100
Convert -12 (base 7) to base 8.
-11
What is -a (base 12) in base 10?
-10
What is 144 (base 7) in base 11?
74
Convert 3 (base 4) to base 7.
3
Convert -1 (base 13) to base 7.
-1
1101 (base 3) to base 10
37
Convert -11f (base 16) to base 14.
-167
104 (base 13) to base 14
c5
What is 200 (base 4) in base 6?
52
What is 5 (base 14) in base 6?
5
What is -10 (base 2) in base 12?
-2
Convert 15 (base 10) to base 7.
21
222 (base 4) to base 14
30
Convert 10 (base 16) to base 13.
13
Convert -5e (base 15) to base 2.
-1011001
-5 (base 13) to base 3
-12
2130 (base 4) to base 6
420
What is 22 (base 3) in base 8?
10
-57 (base 10) to base 14
-41
What is -212 (base 4) in base 8?
-46
What is 44 (base 16) in base 13?
53
Convert -5a (base 16) to base 8.
-132
What is -2 (base 4) in base 5?
-2
What is -10 (base 12) in base 7?
-15
-29 (base 15) to base 8
-47
-4b (base 12) to base 7
-113
10 (base 14) to base 15
e
What is 101011 (base 2) in base 4?
223
What is -38 (base 15) in base 5?
-203
What is -11 (base 15) in base 3?
-121
What is 6 (base 7) in base 11?
6
What is 5 (base 10) in base 3?
12
What is 102 (base 6) in base 14?
2a
What is -a (base 12) in base 11?
-a
-a (base 13) to base 5
-20
What is -18 (base 16) in base 9?
-26
What is 100 (base 2) in base 11?
4
Convert 12 (base 9) to base 15.
b
1 (base 8) to base 14
1
What is 10010000 (base 2) in base 6?
400
18 (base 13) to base 7
30
Convert -13 (base 9) to base 16.
-c
What is 4 (base 6) in base 11?
4
What is -2 (base 8) in base 15?
-2
102 (base 4) to base 12
16
Convert -210 (base 3) to base 16.
-15
4 (base 15) to base 2
100
What is 1 (base 12) in base 11?
1
Convert 25 (base 11) to base 8.
33
11 (base 7) to base 14
8
What is -10020 (base 3) in base 11?
-7a
4 (base 9) to base 8
4
-d (base 15) to base 8
-15
Convert -201 (base 4) to base 3.
-1020
What is -3 (base 5) in base 6?
-3
Convert 0 (base 5) to base 6.
0
Convert 342 (base 9) to base 6.
1145
What is 1 (base 14) in base 6?
1
Convert -1 (base 3) to base 10.
-1
What is -e (base 15) in base 13?
-11
What is -43 (base 5) in base 4?
-113
Convert 25 (base 15) to base 13.
29
What is 10 (base 6) in base 5?
11
Convert 3 (base 8) to base 13.
3
What is -25 (base 8) in base 3?
-210
Convert 5 (base 11) to base 9.
5
What is -3 (base 4) in base 6?
-3
Convert a (base 15) to base 14.
a
-ca (base 15) to base 16
-be
What is -10 (base 4) in base 11?
-4
-6 (base 11) to base 12
-6
What is 0 (base 2) in base 9?
0
What is 11 (base 14) in base 7?
21
What is -45 (base 12) in base 15?
-38
What is -6 (base 13) in base 15?
-6
Convert -7 (base 12) to base 3.
-21
Convert -101 (base 5) to base 10.
-26
Convert 27 (base 16) to base 5.
124
Convert -11 (base 7) to base 8.
-10
What is 47 (base 8) in base 13?
30
-53 (base 13) to base 15
-48
What is -49 (base 16) in base 5?
-243
What is 234 (base 6) in base 14?
6a
What is 2111 (base 3) in base 4?
1003
Convert -1101 (base 2) to base 6.
-21
What is -6 (base 14) in base 5?
-11
What is -123 (base 8) in base 6?
-215
What is -3 (base 15) in base 2?
-11
-1 (base 14) to base 6
-1
What is 6 (base 7) in base 2?
110
Convert 2 (base 13) to base 14.
2
-8 (base 12) to base 8
-10
Convert -101 (base 13) to base 11.
-145
1121 (base 5) to base 7
320
11 (base 7) to base 13
8
Convert -100010 (base 3) to base 11.
-204
10010 (base 2) to base 3
200
-2 (base 14) to base 9
-2
3 (base 16) to base 10
3
Convert -25 (base 12) to base 11.
-27
What is -7 (base 13) in base 11?
-7
What is 6 (base 12) in base 11?
6
-14 (base 7) to base 12
-b
What is -4 (base 15) in base 3?
-11
Convert -24 (base 5) to base 11.
-13
Convert -1102 (base 3) to base 15.
-28
-110001 (base 2) to base 13
-3a
Convert -2 (base 16) to base 12.
-2
Convert -20 (base 4) to base 9.
-8
Convert 13 (base 5) to base 13.
8
What is -100001 (base 2) in base 16?
-21
-94 (base 11) to base 14
-75
Convert 525 (base 7) to base 14.
14c
Convert -1 (base 10) to base 2.
-1
Convert 1111 (base 2) to base 12.
13
2 (base 10) to base 16
2
Convert -8 (base 9) to base 8.
-10
1a (base 15) to base 7
34
Convert -99 (base 13) to base 15.
-86
What is 13d (base 14) in base 3?
100022
1112 (base 6) to base 11
217
Convert -8 (base 12) to base 3.
-22
What is 0 (base 5) in base 6?
0
Convert -13 (base 4) to base 7.
-10
Convert 1 (base 13) to base 7.
1
What is 54 (base 6) in base